741 a prime number?
True
Is 9151 a composite number?
False
Is 379529 prime?
False
Is 7411 composite?
False
Is 20239 a composite number?
True
Is 246769 prime?
True
Is 109801 a prime number?
False
Is 39227 composite?
False
Is 8353 composite?
False
Is 673 prime?
True
Is 15677 a prime number?
False
Is 15661 a composite number?
False
Is 1257449 a prime number?
False
Is 226945 a composite number?
True
Is 2741 prime?
True
Is 217489 a composite number?
False
Is 53987 composite?
False
Is 26759 a prime number?
True
Is 262709 prime?
True
Is 3941 prime?
False
Is 18053 a composite number?
True
Is 335 a prime number?
False
Is 104866 prime?
False
Is 283211 prime?
True
Is 1047 prime?
False
Is 15859 a prime number?
True
Is 31631 a prime number?
False
Is 45943 a composite number?
False
Is 10007 a composite number?
False
Is 38219 a composite number?
False
Is 4673 composite?
False
Is 9413 prime?
True
Is 8887 a composite number?
False
Is 91213 a composite number?
True
Is 138887 a prime number?
False
Is 20873 a prime number?
True
Is 67387 prime?
False
Is 12622 prime?
False
Is 271159 prime?
False
Is 1399 a prime number?
True
Is 736429 a prime number?
True
Is 251737 prime?
True
Is 437669 a prime number?
False
Is 118741 a prime number?
False
Is 8147 composite?
False
Is 258469 composite?
False
Is 38903 prime?
True
Is 609241 a composite number?
False
Is 88211 a composite number?
False
Is 29893 a composite number?
True
Is 8506 prime?
False
Is 58711 composite?
False
Is 15161 a prime number?
True
Is 1399 a prime number?
True
Is 825121 prime?
False
Is 1033709 a prime number?
False
Is 390761 composite?
True
Is 30047 prime?
True
Is 474289 prime?
True
Is 32267 composite?
True
Is 12881 prime?
False
Is 10639 composite?
False
Is 123307 a prime number?
True
Is 4117 composite?
True
Is 1261709 a prime number?
False
Is 251849 prime?
False
Is 1050713 prime?
True
Is 6459 prime?
False
Is 205619 a prime number?
True
Is 1205 a prime number?
False
Is 54683 a composite number?
True
Is 12391 a composite number?
False
Is 4835 prime?
False
Is 34141 prime?
True
Is 148817 composite?
False
Is 491731 a composite number?
False
Is 119914 prime?
False
Is 865009 a composite number?
True
Is 16351 prime?
False
Is 84991 a composite number?
False
Is 666979 a prime number?
True
Is 17609 prime?
True
Is 361313 prime?
True
Is 1943 a composite number?
True
Is 48109 composite?
False
Is 10001 prime?
False
Is 1657 composite?
False
Is 12578785 composite?
True
Is 2680727 a composite number?
True
Is 40801 a prime number?
True
Is 84481 prime?
True
Is 225023 composite?
False
Is 264991 composite?
False
Is 129401 composite?
False
Is 20422 prime?
False
Is 189983 composite?
False
Is 10221 composite?
True
Is 5791 a composite number?
False
Is 51473 a composite number?
False
Is 78341 composite?
False
Is 31286 prime?
False
Is 87 a composite number?
True
Is 233599 composite?
False
Is 366185 a prime number?
False
Is 3034433 a prime number?
False
Is 138679 prime?
True
Is 9511 prime?
True
Is 19957 prime?
False
Is 135517 composite?
True
Is 6547 a composite number?
False
Is 21341 a prime number?
True
Is 181451 a composite number?
True
Is 13841 a composite number?
False
Is 223939 a prime number?
True
Is 1159271 a composite number?
False
Is 52769 a composite number?
False
Is 702931 prime?
False
Is 2333 a composite number?
False
Is 4258 prime?
False
Is 9151 a prime number?
True
Is 650261 a composite number?
False
Is 77509 a composite number?
False
Is 5249 prime?
False
Is 5519 a prime number?
True
Is 29231 prime?
True
Is 42503 composite?
True
Is 72337 a composite number?
False
Is 20831 a prime number?
False
Is 419981 a composite number?
True
Is 71513 a prime number?
False
Is 5541 composite?
True
Is 306809 a prime number?
True
Is 73339 prime?
False
Is 126823 a prime number?
True
Is 130573 a prime number?
False
Is 47473 a composite number?
True
Is 47491 composite?
False
Is 247183 composite?
False
Is 1262857 a prime number?
False
Is 13291 composite?
False
Is 618061 a prime number?
False
Is 4271 prime?
True
Is 3011707 a prime number?
True
Is 335847 a composite number?
True
Is 7307 a prime number?
True
Is 6333 prime?
False
Is 28361 a prime number?
False
Is 728249 prime?
False
Is 23887 a composite number?
False
Is 63991 composite?
True
Is 20611 a prime number?
True
Is 1221149 prime?
False
Is 275881 prime?
True
Is 172697 prime?
False
Is 8257 a prime number?
False
Is 317181 prime?
False
Is 51407 a composite number?
False
Is 4627133 a composite number?
True
Is 392395 composite?
True
Is 64951 composite?
False
Is 35151 a prime number?
False
Is 1157747 a prime number?
True
Is 20887 a prime number?
True
Is 16759 a prime number?
True
Is 1517 a prime number?
False
Is 34459 a prime number?
False
Is 13441 a prime number?
True
Is 338609 a prime number?
True
Is 1803821 composite?
True
Is 935861 a prime number?
True
Is 1639 a composite number?
True
Is 13967 prime?
True
Is 9151 composite?
False
Is 43853 composite?
False
Is 54865 composite?
True
Is 192737 composite?
False
Is 478627 prime?
True
Is 31547 a prime number?
True
Is 89041 a prime number?
True
Is 64229 composite?
True
Is 217157 prime?
True
Is 1160771 prime?
True
Is 935615 prime?
False
Is 286049 prime?
True
Is 5195 a prime number?
False
Is 13613 prime?
True
Is 28667 a composite number?
True
Is 49718 a prime number?
False
Is 36551 composite?
False
Is 157261 composite?
True
Is 574397 a prime number?
False
Is 5879 a composite number?
False
Is 55859 a prime number?
False
Is 3433 a composite number?
False
Is 172421 prime?
True
Is 30361 prime?
False
Is 23897 a composite number?
True
Is 1541519 prime?
False
Is 22531 a prime number?
True
Is 27827 a prime number?
True
Is 14143 a prime number?
True
Is 936379 a composite number?
False
Is 1207 a composite number?
True
Is 7997 composite?
True
Is 931721 a composite number?
True
Is 83689 a prime number?
True
Is 85549 composite?
False
Is 52373 prime?
False
Is 116378 composite?
True
Is 67679 a prime number?
True
Is 73001 a prime number?
False
Is 4907 a prime number?
False
Is 92737 composite?
False
Is 319943 composite?
True
Is 70111 a prime number?
True
Is 128851 a composite number?
True
Is 11189 a composite number?
True
Is 182561 a composite number?
False
Is 633 a composite number?
True
Is 24257 prime?
False
Is 241567 a composite number?
False
Is 410953 prime?
True
Is 10193 prime?
True
Is 1577 prime?
False
Is 19181 composite?
False
Is 202421 a prime number?
False
Is 4138201 composite?
True
Is 17638 composite?
True
Is 524789 prime?
True
Is 3317129 a composite number?
True
Is 47755 prime?
False
Is 288907 composite?
False
Is 38143 a composite number?
True
Is 17519 a composite number?
False
Is 34807 a prime number?
True
Is 351643 composite?
False
Is 1657 composite?
False
Is 14318 a prime number?
False
Is 1835 a prime number?
False
Is 4339 prime?
True
Is 168323 composite?
False
Is 585199 a composite number?
False
Is 23393 a composite number?
True
Is 2271 prime?
False
Is 874369 composite?
True
Is 667 prime?
False
Is 167861 a composite number?
False
Is 396391 composite?
True
Is 177185 prime?
False
Is 18137 prime?
False
Is 920891 a composite number?
False
Is 2609 composite?
False
Is 575359 prime?
True
Is 51929 prime?
True
Is 11639 a prime number?
False
Is 400481 composite?
False
Is 576943 a prime number?
True
Is 37277 a composite number?
False
Is 383722 a composite number?
True
Is 210333 composite?
True
Is 3088603 a composite number?
True
Is 10687 composite?
False
Is 22511 prime?
True
Is 15049 composite?
True
Is 40889 a composite number?
True
Is 401561 a prime number?
False
Is 11777 a prime number?
True
Is 12659 a composite number?
False
Is 14387 a prime number?
True
Is 2870819 a composite number?
True
Is 29629 a prime number?
True
Is 24901 composite?
True
Is 95509 a prime number?
False
Is 20681 composite?
False
Is 898 a prime number?
False
Is 6825079 prime?
True
Is 354533 a composite number?
False
Is 747953 a composite number?
False
Is 117167 composite?
False
Is 2661655 a prime number?
False
Is 35273 prime?
False
Is 85997 prime?
False
Is 37543 composite?
True
Is 19157 prime?
True
Is 35891 a prime number?
False
Is 86729 prime?
True
Is 503 a composite number?
False
Is 5981 a composite number?
False
Is 255851 a composite number?
False
Is 5737 a composite number?
False
Is